{"id":13131,"date":"2021-01-30T17:20:09","date_gmt":"2021-01-30T16:20:09","guid":{"rendered":"https:\/\/www.wo-ho.at\/borg\/?page_id=13131"},"modified":"2021-01-30T17:22:50","modified_gmt":"2021-01-30T16:22:50","slug":"schnuppern","status":"publish","type":"page","link":"https:\/\/www.wo-ho.at\/borg\/schnuppern\/","title":{"rendered":"Schnuppern"},"content":{"rendered":"\t\t<div data-elementor-type=\"wp-page\" data-elementor-id=\"13131\" class=\"elementor elementor-13131\" data-elementor-settings=\"[]\">\n\t\t\t\t\t\t\t<div class=\"elementor-section-wrap\">\n\t\t\t\t\t\t\t<section class=\"elementor-section elementor-top-section elementor-element elementor-element-7142982 elementor-section-boxed elementor-section-height-default elementor-section-height-default\" data-id=\"7142982\" data-element_type=\"section\">\n\t\t\t\t\t\t<div class=\"elementor-container elementor-column-gap-default\">\n\t\t\t\t\t<div class=\"elementor-column elementor-col-100 elementor-top-column elementor-element elementor-element-95a010c\" data-id=\"95a010c\" data-element_type=\"column\">\n\t\t\t<div class=\"elementor-widget-wrap elementor-element-populated\">\n\t\t\t\t\t\t\t\t<div class=\"elementor-element elementor-element-8f5eead elementor-widget elementor-widget-text-editor\" data-id=\"8f5eead\" data-element_type=\"widget\" data-widget_type=\"text-editor.default\">\n\t\t\t\t<div class=\"elementor-widget-container\">\n\t\t\t\t\t<div class=\"elementor-text-editor elementor-clearfix\"><p><strong><u>Liebe Sch\u00fclerinnen und Sch\u00fcler!<\/u><\/strong><\/p><p>An unseren Schnuppertagen k\u00f6nnt ihr das BORG Bad Leonfelden n\u00e4her kennenzulernen. Dies ist an folgenden Wochentagen in <strong>allen drei\u00a0Zweigen<\/strong> m\u00f6glich:<\/p><ul><li>Dienstag<\/li><li>Mittwoch: An diesem Tag besteht au\u00dferdem die M\u00f6glichkeit, in den Instrumental- und Gesangsunterricht hineinzuschnuppern.<\/li><\/ul><p>Damit wir euch einen m\u00f6glichst breiten Einblick in unser Schulgeschehen bieten k\u00f6nnen, erstellen wir euch f\u00fcr diesen Tag einen eigenen Stundenplan. Aus diesem Grund m\u00f6chten wir euch bitten, euch bis Donnerstag der Vorwoche entweder telefonisch oder per Mail im Sekretariat anzumelden und dabei auch den gew\u00fcnschten Zweig anzugeben.<\/p><p><strong>Wie lange dauert ein Schnuppertag?<br \/><\/strong>6 Einheiten von 7:45 bis 13:20<\/p><p><strong>Was m\u00fcsst ihr mitnehmen?<\/strong><u><br \/><\/u>Hausschuhe<br \/>Maske<\/p><p><strong>Wo ist der Treffpunkt?<\/strong><u><br \/><\/u>Wenn ihr beim Haupteingang in die gro\u00dfe Aula kommt, steht auf der rechten Seite ein eigener Tisch f\u00fcr das Schnupperteam des BORG Bad Leonfelden. Wir erwarten euch dort ab ca. 7:35.<\/p><p><strong>Was bekommt ihr von uns?<\/strong><u><br \/><\/u>eine Schulbesuchsbest\u00e4tigung<br \/>ein Jausenmarkerl f\u00fcr unser Buffet<\/p><p>Wir freuen uns schon auf euren Besuch!<br \/>Das Schnupperteam des BORG Bad Leonfelden<\/p><\/div>\n\t\t\t\t<\/div>\n\t\t\t\t<\/div>\n\t\t\t\t\t<\/div>\n\t\t<\/div>\n\t\t\t\t\t\t\t<\/div>\n\t\t<\/section>\n\t\t\t\t\t\t<\/div>\n\t\t\t\t\t<\/div>\n\t\t","protected":false},"excerpt":{"rendered":"<p>Liebe Sch\u00fclerinnen und Sch\u00fcler! An unseren Schnuppertagen k\u00f6nnt ihr das BORG Bad Leonfelden n\u00e4her kennenzulernen. Dies ist an folgenden Wochentagen in allen drei\u00a0Zweigen m\u00f6glich: Dienstag Mittwoch: An diesem Tag besteht au\u00dferdem die M\u00f6glichkeit, in den Instrumental- und Gesangsunterricht hineinzuschnuppern. Damit wir euch einen m\u00f6glichst breiten Einblick in unser Schulgeschehen bieten k\u00f6nnen, erstellen wir euch f\u00fcr diesen Tag einen eigenen Stundenplan. Aus diesem Grund m\u00f6chten wir euch bitten, euch bis Donnerstag der Vorwoche entweder telefonisch oder per Mail im Sekretariat anzumelden und dabei auch den gew\u00fcnschten Zweig anzugeben. Wie lange dauert ein Schnuppertag?6 Einheiten von 7:45 bis 13:20 Was m\u00fcsst ihr mitnehmen?HausschuheMaske Wo ist der Treffpunkt?Wenn ihr beim Haupteingang in die gro\u00dfe Aula kommt, steht auf der rechten Seite ein eigener Tisch f\u00fcr das Schnupperteam des BORG Bad Leonfelden. Wir erwarten euch dort ab ca. 7:35. Was bekommt ihr von uns?eine Schulbesuchsbest\u00e4tigungein Jausenmarkerl f\u00fcr unser Buffet Wir freuen uns schon auf euren Besuch!Das Schnupperteam des BORG Bad Leonfelden<\/p>\n","protected":false},"author":17,"featured_media":0,"parent":0,"menu_order":0,"comment_status":"closed","ping_status":"closed","template":"","meta":{"footnotes":""},"class_list":["post-13131","page","type-page","status-publish","hentry"],"_links":{"self":[{"href":"https:\/\/www.wo-ho.at\/borg\/wp-json\/wp\/v2\/pages\/13131","targetHints":{"allow":["GET"]}}],"collection":[{"href":"https:\/\/www.wo-ho.at\/borg\/wp-json\/wp\/v2\/pages"}],"about":[{"href":"https:\/\/www.wo-ho.at\/borg\/wp-json\/wp\/v2\/types\/page"}],"author":[{"embeddable":true,"href":"https:\/\/www.wo-ho.at\/borg\/wp-json\/wp\/v2\/users\/17"}],"replies":[{"embeddable":true,"href":"https:\/\/www.wo-ho.at\/borg\/wp-json\/wp\/v2\/comments?post=13131"}],"version-history":[{"count":4,"href":"https:\/\/www.wo-ho.at\/borg\/wp-json\/wp\/v2\/pages\/13131\/revisions"}],"predecessor-version":[{"id":13135,"href":"https:\/\/www.wo-ho.at\/borg\/wp-json\/wp\/v2\/pages\/13131\/revisions\/13135"}],"wp:attachment":[{"href":"https:\/\/www.wo-ho.at\/borg\/wp-json\/wp\/v2\/media?parent=13131"}],"curies":[{"name":"wp","href":"https:\/\/api.w.org\/{rel}","templated":true}]}}